3 is divided by p?
6
Let w be (-20 - -4)/4*-146. Suppose 0 = -10*c + 6*c + w. What is the remainder when c is divided by 37?
35
Let k = 59 - 54. What is the remainder when 13 is divided by k?
3
Let d = 20 - 13. What is the remainder when 19 is divided by d?
5
Let o be ((-14)/4 - -3)*-24. Suppose 2*s = 2*l - o, 0 = -4*l - 2*s + 4*s + 18. What is the remainder when ((-14)/(-8))/(1/4) is divided by l?
1
Let c be (2 - 0)/((-2)/10). Let i = 36 + c. Calculate the remainder when i is divided by 14.
12
Let n(t) = 6*t - 14. What is the remainder when 86 is divided by n(6)?
20
Let q be ((-6)/4)/(6/(-40)). Let f(d) = d**3 + q + 2*d**2 + 6*d**2 + 0 - 8*d. Calculate the remainder when 1 is divided by f(-9).
0
Let r be (-2)/(-4)*-4 - 4. Let z(q) = -8*q - q - 2 - 4*q**2 + 3*q**2. What is the remainder when 30 is divided by z(r)?
14
Suppose -14 - 81 = -5*h. What is the remainder when 75 is divided by h?
18
Let k(l) = 9*l + 15. What is the remainder when k(8) is divided by 44?
43
Let q(k) = 12*k**2 - 2*k - 1. Calculate the remainder when 37 is divided by q(-1).
11
Suppose 5*x = -3*i + 29, 20 = 2*i + 6*x - 2*x. Suppose -j = -r + 15 - 36, 0 = -2*j + 3*r + 40. What is the remainder when j is divided by i?
7
Let k = 2 - -7. Suppose -k = -y + 1. What is the remainder when 19 is divided by y?
9
Let l = 44 + -96. Let j = l - -75. What is the remainder when j is divided by 12?
11
Suppose 112 = -2*q - 7*d + 2*d, 0 = 4*d. Let f = q - -21. Calculate the remainder when 17 is divided by (-340)/f + (-4)/(-14).
7
Suppose -26*a = -18*a - 96. What is the remainder when 31 is divided by a?
7
Suppose 15 = s - 11. Calculate the remainder when s is divided by 4.
2
Let c(q) = -q**3 - 10*q**2 - 6*q + 5. Let a be c(-7). Let o = a - -142. What is the remainder when o is divided by 15?
12
Suppose 2*a - 115 = -4*f + a, -f + 3*a = -45. What is the remainder when f is divided by 8?
6
Suppose -2*r - 4 = 2*r. Let j(t) = -4*t - 1. Suppose 0 = -0*q + 2*q - 16. Calculate the remainder when q is divided by j(r).
2
What is the remainder when 3/2*(3 + (-1156)/(-12)) is divided by 51?
47
Let i = -131 + 190. Suppose 5*f = 116 + i. What is the remainder when f is divided by 18?
17
Suppose 11*p = 882 - 46. Calculate the remainder when p is divided by 13.
11
Let v be 21*1 - 12/4. Suppose 0 = -2*x + 9 + 3. What is the remainder when (v - -1) + 2/(-1) is divided by x?
5
Let r = 55 - 12. Calculate the remainder when r is divided by 16.
11
Let f(t) = t**2 - 5*t + 6. Calculate the remainder when f(10) is divided by 15.
11
Let k = 59 + -57. Calculate the remainder when k is divided by -1 + 0 + 2 + 0.
0
Let g be 2/8 + 27/4. Suppose 6*y - 17 - 643 = 0. Calculate the remainder when 61 is divided by y/g + (-6)/(-21).
13
Let u be (-9)/(-6) - (-12)/8. Suppose u*c - 84 = -c. What is the remainder when c is divided by 12?
9
Suppose 0 = 5*p - 67 - 13. Let c be (-22)/33 - (-101)/3. Let n = c - p. What is the remainder when 50 is divided by n?
16
Suppose -4*i - 68 = -6*i. Suppose 0 = 2*n + 8, -2*u + n + i = -0*n. What is the remainder when u is divided by 6?
3
Let r = 21 + -13. Suppose 2*w - 5*w + 69 = 0. What is the remainder when w is divided by r?
7
Let w = 8 + -4. Suppose 0 = 5*b - 5*n - 20, 2*b = -0*b + 5*n + 8. Suppose -b*f + f + 21 = 0. Calculate the remainder when f is divided by w.
3
Let d(p) = p**2 + 2*p + 50. What is the remainder when d(0) is divided by -4*(-18)/4 - 1?
16
Let d = -122 + 129. Calculate the remainder when 95 is divided by d.
4
Let k(v) = -v**3 + 3*v**2 + 3*v + 1. Let m be k(4). Let s = 2 + m. What is the remainder when 11 is divided by s/(-2)*2*4?
3
Suppose -5 = -2*d + k, 6*d - 11 = 4*d - 5*k. Suppose -d*u + 10 = -4*b, 5 = b + 7*u - 4*u. Calculate the remainder when 54 is divided by 1 + (9 - b) + 3.
12
Suppose -x = 38 - 56. Calculate the remainder when x is divided by 1/(-1 + 16/14).
4
Suppose 4*x - l = 111, -5*x + 55 + 105 = 3*l. Calculate the remainder when x is divided by 7.
1
Calculate the remainder when ((-64)/6)/((-15)/90) is divided by 22.
20
Suppose i - 15 = -4*v, -v - 3*i + 12 = -0*i. What is the remainder when 4 is divided by v?
1
Suppose -10*m = 2 - 12. Calculate the remainder when 5 is divided by m.
0
Let f(c) = -c**2 + 26. Let n(u) = -u + 14. What is the remainder when f(0) is divided by n(0)?
12
Calculate the remainder when 3 is divided by (-3)/(-6) + -2 + 15/6.
0
Let x be 2/(-3)*(-2 - 1). What is the remainder when 33 is divided by 2 + (2 - (-3 - x))?
6
Suppose 4 = 2*j - 6. Suppose 2*x + 3*u = 45, -15*x = -16*x - 4*u + 30. Calculate the remainder when x is divided by j.
3
Let g = -19 + 31. What is the remainder when 21 is divided by g?
9
Suppose 0 = -4*a - 2*p - 4 + 408, 5*a = -p + 505. Calculate the remainder when a is divided by 26.
23
Suppose -5*l + 23 = -4*l. What is the remainder when l is divided by 6?
5
Let j(l) = -2*l + 1. Let t be j(3). What is the remainder when 2 + (66 - -1) + -1 is divided by (2 - (-66)/(-10))*t?
22
Let f(b) = -b - 1. Let g be f(2). Let r(c) = -c + 7. What is the remainder when r(0) is divided by (g*16/6)/(-2)?
3
Let o(p) = -3*p - 15. What is the remainder when o(-11) is divided by 7?
4
Let b be (4/(4/(-5)))/1. Let r(w) = -2*w - 1. Calculate the remainder when 43/3 - (-4)/6 is divided by r(b).
6
Let d(o) = -o**2 - 13*o - 5. Let z = -8 + 17. Calculate the remainder when d(-10) is divided by z.
7
Let x(f) = 30*f - 1. What is the remainder when 117 is divided by x(2)?
58
Let t(b) = -3 + 0 + 1 + 2*b + 0. What is the remainder when 30 is divided by t(5)?
6
Let h(i) = -i**2 + 12*i - 8. Let m be 9/(-3) + 28/2. What is the remainder when 11 is divided by h(m)?
2
Suppose 354 = 5*k + 5*x - 21, -x = -4*k + 300. Suppose 3*j + 2*j = k. What is the remainder when 28 is divided by j?
13
Suppose 0 = -2*v + z + z + 26, 5*z = 0. Let f(w) = w + 3. What is the remainder when v is divided by f(5)?
5
Let l be 12/2*(-16)/(-6). Let p = l - 5. What is the remainder when 32 is divided by p?
10
Suppose v - 5*q + 2 = -13, 4*v - 15 = -5*q. Suppose 0*z - 46 = -h + z, 4*h = -5*z + 220. What is the remainder when h is divided by v + 3/6*34?
16
Suppose -4*d + o = -d - 109, -4*d - 3*o = -141. What is the remainder when d is divided by 19?
17
Let w be 18/(-15)*(-34 - -4). What is the remainder when w/3 + 20/(-5) is divided by 5?
3
Let y = 19 + -3. Suppose a - 3*t + 6 - y = 0, -18 = -3*a - 3*t. Suppose -2*d = -3*n + 48, 0 = 3*n - d - 34 - 17. Calculate the remainder when n is divided by a.
4
Let p = 5 + 14. Calculate the remainder when 37 is divided by p.
18
Suppose -4 + 0 = -p. Suppose -p*b + 4 = -3*b. Let s = -7 + 13. Calculate the remainder when s is divided by b.
2
Suppose -4*j + 2*o + 102 = 0, -2*j - 5*o + 21 = -0*o. What is the remainder when j is divided by 6?
5
Let k(g) = -g**3 - 9*g**2 - 2*g - 13. Calculate the remainder when (38/4)/((-3)/(-6)) is divided by k(-9).
4
Suppose 5*t = -12 - 3. Let x = 5 + t. Suppose 187*c - 30 = 182*c. What is the remainder when c is divided by x?
0
Let z = 40 - 26. Calculate the remainder when z is divided by 4.
2
Let a(i) = 4*i + 1. Calculate the remainder when a(5) is divided by 8.
5
Let p(g) = 14*g**3 + g**2 + g. What is the remainder when p(1) is divided by 10?
6
Suppose 66 = 6*p - 8*p. Let s be 2 + (56 - -1 - -1). Let b = p + s. What is the remainder when b is divided by 14?
13
What is the remainder when 22 is divided by (4/5)/(17/170)?
6
Calculate the remainder when 6 is divided by 39/13 + (1 - -2).
0
Let h = 23 + -11. Suppose 2*l - 3*l = -h. What is the remainder when 7 is divided by 5/2*l/10?
1
Suppose 3*z - 64 = -z. Let d = -12 + z. What is the remainder when 5 is divided by d?
1
Calculate the remainder when (0 - 3)/(-3) + 89 is divided by (-375)/(-12) + (-4)/16.
28
Let i = -38 - -53. Let o = 61 - -121. Suppose -o = -5*j + 28. Calculate the remainder when j is divided by i.
12
Let f be (-20)/6*(-9)/1. Let p = f - 17. Let k = p - 8. Calculate the remainder when 8 is divided by k.
3
Let j = -52 + 75. Suppose -2*a + j + 11 = 0. What is the remainder when a is divided by 9?
8
Suppose -6 - 4 = -5*t. Calculate the remainder when 12 is divided by t.
0
Calculate the remainder when 12/30 - 136/(-10) is divided by 8.
6
Let l = 67 + -41. Let n = -2 + 7. Suppose -7*t + 8 = q - 6*t, -n*q = 4*t - 41. What is the remainder when l is divided by q